ivided by 176?
64
Calculate the remainder when 259784 is divided by 899.
872
Calculate the remainder when 33784 is divided by 87.
28
Calculate the remainder when 99106 is divided by 69.
22
What is the remainder when 871 is divided by 795?
76
Calculate the remainder when 30437 is divided by 1013.
47
What is the remainder when 2353 is divided by 30?
13
Calculate the remainder when 363 is divided by 41.
35
Calculate the remainder when 6404 is divided by 279.
266
Calculate the remainder when 6892 is divided by 131.
80
What is the remainder when 3780 is divided by 457?
124
Calculate the remainder when 18362 is divided by 918.
2
Calculate the remainder when 15877 is divided by 55.
37
Calculate the remainder when 26589 is divided by 89.
67
Calculate the remainder when 34516 is divided by 443.
405
What is the remainder when 10268 is divided by 27?
8
Calculate the remainder when 24231 is divided by 8062.
45
Calculate the remainder when 20057 is divided by 1542.
11
What is the remainder when 193810 is divided by 351?
58
Calculate the remainder when 15073 is divided by 3767.
5
Calculate the remainder when 77012 is divided by 7700.
12
Calculate the remainder when 1651 is divided by 162.
31
What is the remainder when 2055 is divided by 129?
120
What is the remainder when 219022 is divided by 15644?
6
Calculate the remainder when 232140 is divided by 385.
370
What is the remainder when 2507 is divided by 831?
14
Calculate the remainder when 33660 is divided by 370.
360
What is the remainder when 103989 is divided by 3851?
12
What is the remainder when 315729 is divided by 92?
77
Calculate the remainder when 374 is divided by 297.
77
What is the remainder when 39912 is divided by 14?
12
What is the remainder when 60669 is divided by 79?
76
Calculate the remainder when 251493 is divided by 82.
81
What is the remainder when 23221 is divided by 226?
169
Calculate the remainder when 58791 is divided by 1050.
1041
Calculate the remainder when 2286 is divided by 525.
186
Calculate the remainder when 99945 is divided by 413.
412
Calculate the remainder when 130945 is divided by 1393.
3
Calculate the remainder when 1695 is divided by 213.
204
Calculate the remainder when 1018 is divided by 202.
8
What is the remainder when 275851 is divided by 65?
56
Calculate the remainder when 299692 is divided by 837.
46
Calculate the remainder when 5180 is divided by 1294.
4
What is the remainder when 682 is divided by 227?
1
What is the remainder when 6698 is divided by 11?
10
What is the remainder when 290370 is divided by 307?
255
Calculate the remainder when 1523 is divided by 58.
15
What is the remainder when 979 is divided by 550?
429
Calculate the remainder when 241798 is divided by 23.
22
Calculate the remainder when 133916 is divided by 152.
4
Calculate the remainder when 4976 is divided by 419.
367
Calculate the remainder when 167192 is divided by 3483.
8
Calculate the remainder when 14713514 is divided by 1095.
1094
What is the remainder when 74143 is divided by 939?
901
What is the remainder when 14982 is divided by 7481?
20
Calculate the remainder when 761982 is divided by 190492.
14
What is the remainder when 236824 is divided by 12464?
8
What is the remainder when 52285 is divided by 16?
13
What is the remainder when 16276 is divided by 5422?
10
What is the remainder when 3542 is divided by 370?
212
What is the remainder when 19326 is divided by 6437?
15
What is the remainder when 62455 is divided by 82?
53
Calculate the remainder when 11266 is divided by 861.
73
Calculate the remainder when 4834 is divided by 110.
104
What is the remainder when 12371 is divided by 3999?
374
What is the remainder when 33959 is divided by 453?
437
Calculate the remainder when 8377 is divided by 9.
7
Calculate the remainder when 251064 is divided by 405.
369
Calculate the remainder when 883565 is divided by 38.
27
What is the remainder when 77204 is divided by 11?
6
What is the remainder when 8907 is divided by 999?
915
What is the remainder when 40594 is divided by 338?
34
Calculate the remainder when 13057 is divided by 12860.
197
What is the remainder when 29115 is divided by 80?
75
Calculate the remainder when 16255 is divided by 54.
1
What is the remainder when 2418 is divided by 801?
15
What is the remainder when 31852 is divided by 156?
28
Calculate the remainder when 107274 is divided by 139.
105
Calculate the remainder when 45215 is divided by 140.
135
Calculate the remainder when 31497 is divided by 28.
25
Calculate the remainder when 8876 is divided by 51.
2
Calculate the remainder when 156024 is divided by 5.
4
Calculate the remainder when 167358 is divided by 55786.
0
What is the remainder when 5625 is divided by 5577?
48
What is the remainder when 21247 is divided by 154?
149
Calculate the remainder when 62965 is divided by 8993.
14
Calculate the remainder when 115493 is divided by 70.
63
What is the remainder when 71861 is divided by 58?
57
Calculate the remainder when 29209 is divided by 21.
19
What is the remainder when 112329 is divided by 168?
105
What is the remainder when 20144 is divided by 577?
526
Calculate the remainder when 40849 is divided by 146.
115
What is the remainder when 1522 is divided by 205?
87
What is the remainder when 1118 is divided by 382?
354
Calculate the remainder when 17604 is divided by 5864.
12
Calculate the remainder when 234281 is divided by 150.
131
What is the remainder when 2328 is divided by 34?
16
Calculate the remainder when 3878 is divided by 1831.
216
What is the remainder when 183476 is divided by 68?
12
Calculate the remainder when 35048 is divided by 1161.
218
Calculate the remainder when 606896 is divided by 119.
115
Calculate the remainder when 12981 is divided by 4.
1
What is the remainder when 11141 is divided by 360?
341
What is the remainder when 102102 is divided by 7852?
26
Calculate the remainder when 48508 is divided by 4020.
268
Calculate the remainder when 36761 is divided by 202.
199
What is the remainder when 2780 is divided by 364?
232
What is the remainder when 14685 is divided by 102?
99
What is the remainder when 651 is divided by 31?
0
Calculate the remainder when 150822 is divided by 239.
13
What is the remainder when 2279664 is divided by 3?
0
What is the remainder when 57474 is divided by 21?
18
Calculate the remainder when 280706 is divided by 366.
350
What is the remainder when 6823 is divided by 454?
13
What is the remainder when 43887 is divided by 137?
47
Calculate the remainder when 27638 is divided by 184.
38
Calculate the remainder when 5536 is divided by 1819.
79
What is the remainder when 17238 is divided by 4305?
18
Calculate the remainder when 2811 is divided by 758.
537
What is the remainder when 15037 is divided by 26?
9
Calculate the remainder when 15621 is divided by 110.
1
Calculate the remainder when 118738 is divided by 34.
10
Calculate the remainder when 6080 is divided by 5999.
81
What is the remainder when 17800 is divided by 4448?
8
What is the remainder when 69485 is divided by 1244?
1065
What is the remainder when 1687 is divided by 224?
119
What is the remainder when 5041 is divided by 195?
166
What is the remainder when 11377 is divided by 758?
7
What is the remainder when 1668 is divided by 295?
193
What is the remainder when 130516 is divided by 65232?
52
Calculate the remainder when 17028 is divided by 46.
8
Calculate the remainder when 5325797 is divided by 40.
37
Calculate the remainder when 28074 is divided by 2805.
24
What is the remainder when 6190 is divided by 453?
301
Calculate the remainder when 13398 is divided by 163.
32
What is the remainder when 23390 is divided by 1558?
20
Calculate the remainder when 66353 is divided by 34.
19
What is the remainder when 3159 is divided by 60?
39
What is the remainder when 35596 is divided by 97?
94
Calculate the remainder when 315112 is divided by 36.
4
What is the remainder when 2495 is divided by 409?
41
Calculate the remainder when 824 is divided by 505.
319
Calculate the remainder when 1003 is divided by 276.
175
Calculate the remainder when 9363 is divided by 2340.
3
Calculate the remainder when 5234 is divided by 1708.
110
What is the remainder when 36105 is divided by 21?
6
Calculate the remainder when 2394 is d